ber?
True
Is 4267 a composite number?
True
Is 2503 a composite number?
False
Is 283391 prime?
False
Is 3589 a prime number?
False
Is 5006 prime?
False
Is 106883 a composite number?
True
Is 77591 a prime number?
True
Is 61351 composite?
True
Is 27649 a composite number?
True
Is 1739 prime?
False
Is 46663 prime?
True
Is 17269 a prime number?
False
Is 4391 a prime number?
True
Is 138494 composite?
True
Is 1733 prime?
True
Is 2159 prime?
False
Is 6753 prime?
False
Is 27427 composite?
False
Is 2646887 composite?
False
Is 245569 a prime number?
False
Is 1511 a prime number?
True
Is 170761 prime?
True
Is 32995 a prime number?
False
Is 30746 a composite number?
True
Is 17669 a prime number?
True
Is 1345069 prime?
False
Is 14843 prime?
True
Is 6401 prime?
False
Is 5923 a prime number?
True
Is 25409 prime?
True
Is 14709 a prime number?
False
Is 102533 a prime number?
True
Is 796289 a composite number?
True
Is 52859 a prime number?
True
Is 613 prime?
True
Is 3547 composite?
False
Is 6521 prime?
True
Is 653313 composite?
True
Is 4883 composite?
True
Is 35423 composite?
False
Is 56191 a composite number?
True
Is 15362 a prime number?
False
Is 3973 prime?
False
Is 55493 a composite number?
True
Is 5269 composite?
True
Is 900547 a prime number?
False
Is 1637 prime?
True
Is 78401 a composite number?
False
Is 23143 a composite number?
False
Is 538001 a prime number?
True
Is 25577 a prime number?
True
Is 4352377 a prime number?
True
Is 845261 prime?
True
Is 907 a composite number?
False
Is 108523 composite?
True
Is 463693 a prime number?
True
Is 317451 a composite number?
True
Is 3691 a prime number?
True
Is 765781 a prime number?
True
Is 34913 a prime number?
True
Is 2909 composite?
False
Is 294302 composite?
True
Is 244873 composite?
False
Is 276461 composite?
False
Is 71761 a prime number?
True
Is 339502 a composite number?
True
Is 348323 a composite number?
False
Is 41491 composite?
False
Is 5381 prime?
True
Is 816861 composite?
True
Is 451411 a prime number?
True
Is 762593 composite?
True
Is 325727 prime?
False
Is 116301 composite?
True
Is 3011 prime?
True
Is 73559 composite?
True
Is 141811 prime?
True
Is 1369 composite?
True
Is 36647 a composite number?
True
Is 268117 composite?
True
Is 41567 a prime number?
False
Is 231529 a composite number?
False
Is 11057 a prime number?
True
Is 351863 prime?
True
Is 151237 a prime number?
True
Is 16333 prime?
True
Is 65743 a composite number?
True
Is 159191 a prime number?
True
Is 1949 prime?
True
Is 4889 a composite number?
False
Is 17965 a prime number?
False
Is 643039 a prime number?
True
Is 8747 composite?
False
Is 56002 composite?
True
Is 158819 a prime number?
False
Is 545023 a composite number?
False
Is 8501 prime?
True
Is 6197 a composite number?
False
Is 6817 a prime number?
False
Is 2921 composite?
True
Is 53549 a prime number?
True
Is 41467 prime?
True
Is 78811 a composite number?
True
Is 164487 a prime number?
False
Is 3665 a prime number?
False
Is 23223 a prime number?
False
Is 1474807 composite?
True
Is 547 composite?
False
Is 7499 a composite number?
False
Is 34123 composite?
False
Is 7121 prime?
True
Is 20609 a prime number?
False
Is 441509 prime?
False
Is 249319 a composite number?
True
Is 493 a prime number?
False
Is 8171 prime?
True
Is 61639 composite?
True
Is 235087 a composite number?
True
Is 8261 a prime number?
False
Is 5057 a prime number?
False
Is 57803 a composite number?
False
Is 329045 prime?
False
Is 1081 prime?
False
Is 16573 a prime number?
True
Is 9005 composite?
True
Is 19619 composite?
True
Is 32603 prime?
True
Is 741337 a composite number?
False
Is 79801 prime?
True
Is 27037 a composite number?
True
Is 105443 a prime number?
False
Is 25841 composite?
False
Is 193663 composite?
False
Is 3037 composite?
False
Is 11027 prime?
True
Is 20431 a composite number?
False
Is 50981 a prime number?
False
Is 8483 prime?
False
Is 187895 prime?
False
Is 306473 prime?
True
Is 452273 composite?
True
Is 6719 composite?
False
Is 509 a prime number?
True
Is 57413 prime?
True
Is 2633981 composite?
True
Is 965369 composite?
False
Is 9511 a composite number?
False
Is 10427 a prime number?
True
Is 28907 prime?
False
Is 7493 composite?
True
Is 61441 a prime number?
True
Is 15469 composite?
True
Is 156667 prime?
False
Is 27143 prime?
True
Is 2217 prime?
False
Is 7907 a composite number?
False
Is 29741 composite?
False
Is 3761 composite?
False
Is 137589 prime?
False
Is 31454 composite?
True
Is 34019 prime?
True
Is 1198 composite?
True
Is 29123 composite?
False
Is 298001 a prime number?
False
Is 246527 prime?
True
Is 31961 a prime number?
False
Is 13597 a prime number?
True
Is 196465 prime?
False
Is 979 a composite number?
True
Is 67993 a composite number?
False
Is 203 composite?
True
Is 2019 composite?
True
Is 22969 a prime number?
False
Is 329587 a prime number?
True
Is 5623 composite?
False
Is 5033 prime?
False
Is 202583 a prime number?
False
Is 479641 composite?
True
Is 2521 composite?
False
Is 287993 composite?
True
Is 29899 a composite number?
True
Is 217619 composite?
False
Is 43133 a composite number?
False
Is 488791 a prime number?
True
Is 1637 a prime number?
True
Is 399653 prime?
False
Is 1021733 prime?
False
Is 13894 prime?
False
Is 66142 a prime number?
False
Is 203533 a prime number?
False
Is 315011 prime?
True
Is 19547 a prime number?
False
Is 174137 composite?
False
Is 6131 composite?
False
Is 38489 a prime number?
False
Is 6973 a prime number?
False
Is 37481 a prime number?
False
Is 1981 a composite number?
True
Is 100042 prime?
False
Is 5731 a prime number?
False
Is 3239 a composite number?
True
Is 7781 composite?
True
Is 78079 a composite number?
False
Is 53437 a composite number?
False
Is 1567 a composite number?
False
Is 26281 a composite number?
True
Is 4095661 composite?
False
Is 102911 prime?
True
Is 9613 composite?
False
Is 107995 a prime number?
False
Is 2290139 a prime number?
True
Is 161 a composite number?
True
Is 111317 a prime number?
True
Is 4207 a prime number?
False
Is 238883 a prime number?
True
Is 23637 a composite number?
True
Is 862 a composite number?
True
Is 399353 composite?
False
Is 52157 prime?
False
Is 9613 a prime number?
True
Is 3737 a composite number?
True
Is 1249 prime?
True
Is 16221 a composite number?
True
Is 91 prime?
False
Is 33137 a composite number?
True
Is 89751 a composite number?
True
Is 39677 prime?
False
Is 795023 prime?
True
Is 9871 a prime number?
True
Is 3557 a prime number?
True
Is 4303 a composite number?
True
Is 19835 prime?
False
Is 25161 a composite number?
True
Is 8747 prime?
True
Is 88483 prime?
False
Is 14197 a composite number?
False
Is 25073 a composite number?
False
Is 8717 composite?
True
Is 233009 a composite number?
True
Is 70709 composite?
False
Is 24437 prime?
False
Is 732085 a composite number?
True
Is 22439 prime?
False
Is 173239 composite?
True
Is 20779 a composite number?
True
Is 29567 a composite number?
False
Is 114113 a composite number?
False
Is 44197 a composite number?
True
Is 2457391 prime?
False
Is 15401 a prime number?
True
Is 154709 a composite number?
True
Is 22569 a prime number?
False
Is 23185 prime?
False
Is 7513 prime?
False
Is 2370091 a prime number?
False
Is 2361 a prime number?
False
Is 1937 a composite number?
True
Is 18385 a composite number?
True
Is 101561 a composite number?
False
Is 56237 a prime number?
True
Is 713067 a prime number?
False
Is 4275611 composite?
False
Is 356861 composite?
True
Is 87179 composite?
False
Is 217387 prime?
True
Is 2774327 prime?
True
Is 31765 prime?
False
Is 18589 prime?
False
Is 3389 prime?
True
Is 14849 a prime number?
False
Is 109073 composite?
False
Is 49103 prime?
True
Is 139861 a prime number?
True
Is 59557 composite?
False
Is 376819 composite?
False
Is 3223 prime?
False
Is 4643 a composite number?
False
Is 151131 composite?
True
Is 442363 a composite number?
False
Is 1739 composite?
True
Is 1703 a composite number?
True
Is 1580693 prime?
False
Is 9923 composite?
False
Is 15499 a composite number?
True
Is 61967 prime?
True
Is 1550657 prime?
False
Is 155549 composite?
True
Is 5501 a composite number?
False
Is 6761 composite?
False
Is 544613 a prime number?
True
Is 18101 prime?
False
Is 2371 composite?
False
Is 20201 a prime number?
True
Is 3491 prime?
True
Is 14821 pr